{"id":1204,"date":"2022-08-18T14:51:37","date_gmt":"2022-08-18T14:51:37","guid":{"rendered":"https:\/\/chucandiro.gob.mx\/?page_id=1204"},"modified":"2025-09-24T20:28:59","modified_gmt":"2025-09-24T20:28:59","slug":"primer-informe-de-gobierno","status":"publish","type":"page","link":"https:\/\/chucandiro.gob.mx\/index.php\/primer-informe-de-gobierno\/","title":{"rendered":"&#8220;Primer Informe de Gobierno&#8221;"},"content":{"rendered":"<p><div class=\"fusion-fullwidth fullwidth-box fusion-builder-row-1 fusion-flex-container has-pattern-background has-mask-background nonhundred-percent-fullwidth non-hundred-percent-height-scrolling\" style=\"--awb-border-radius-top-left:0px;--awb-border-radius-top-right:0px;--awb-border-radius-bottom-right:0px;--awb-border-radius-bottom-left:0px;--awb-flex-wrap:wrap;\" ><div class=\"fusion-builder-row fusion-row fusion-flex-align-items-flex-start fusion-flex-content-wrap\" style=\"max-width:1185.6px;margin-left: calc(-4% \/ 2 );margin-right: calc(-4% \/ 2 );\"><div class=\"fusion-layout-column fusion_builder_column fusion-builder-column-0 fusion_builder_column_1_1 1_1 fusion-flex-column\" style=\"--awb-bg-color:rgba(0,0,0,0);--awb-bg-color-hover:rgba(0,0,0,0);--awb-bg-size:cover;--awb-width-large:100%;--awb-margin-top-large:0px;--awb-spacing-right-large:1.92%;--awb-margin-bottom-large:0px;--awb-spacing-left-large:1.92%;--awb-width-medium:100%;--awb-order-medium:0;--awb-spacing-right-medium:1.92%;--awb-spacing-left-medium:1.92%;--awb-width-small:100%;--awb-order-small:0;--awb-spacing-right-small:1.92%;--awb-spacing-left-small:1.92%;\"><div class=\"fusion-column-wrapper fusion-column-has-shadow fusion-flex-justify-content-flex-start fusion-content-layout-column\"><div class=\"fusion-separator fusion-full-width-sep\" style=\"align-self: center;margin-left: auto;margin-right: auto;margin-top:25px;margin-bottom:25px;width:100%;\"><\/div><div class=\"fusion-title title fusion-title-1 fusion-sep-none fusion-title-center fusion-title-text fusion-title-size-one\" style=\"--awb-text-color:#000000;--awb-margin-top-small:0px;--awb-margin-right-small:0px;--awb-margin-bottom-small:20px;--awb-margin-left-small:0px;\"><h1 class=\"fusion-title-heading title-heading-center fusion-responsive-typography-calculated\" style=\"margin:0;--fontSize:60;line-height:1.4;\"><blockquote>\n<h1 style=\"text-align: center: color:#FF0000;\"><span style=\"color: #008000;\"><strong>&#8220;Primer Informe de Gobierno&#8221;<\/strong><\/span><\/h1>\n<\/blockquote><\/h1><\/div><\/div><\/div><\/div><\/div><div class=\"fusion-fullwidth fullwidth-box fusion-builder-row-2 fusion-flex-container has-pattern-background has-mask-background nonhundred-percent-fullwidth non-hundred-percent-height-scrolling\" style=\"--awb-border-radius-top-left:0px;--awb-border-radius-top-right:0px;--awb-border-radius-bottom-right:0px;--awb-border-radius-bottom-left:0px;--awb-flex-wrap:wrap;\" ><div class=\"fusion-builder-row fusion-row fusion-flex-align-items-flex-start fusion-flex-content-wrap\" style=\"max-width:1185.6px;margin-left: calc(-4% \/ 2 );margin-right: calc(-4% \/ 2 );\"><div class=\"fusion-layout-column fusion_builder_column fusion-builder-column-1 fusion_builder_column_1_1 1_1 fusion-flex-column\" style=\"--awb-bg-size:cover;--awb-width-large:100%;--awb-margin-top-large:0px;--awb-spacing-right-large:1.92%;--awb-margin-bottom-large:0px;--awb-spacing-left-large:1.92%;--awb-width-medium:100%;--awb-order-medium:0;--awb-spacing-right-medium:1.92%;--awb-spacing-left-medium:1.92%;--awb-width-small:100%;--awb-order-small:0;--awb-spacing-right-small:1.92%;--awb-spacing-left-small:1.92%;\"><div class=\"fusion-column-wrapper fusion-column-has-shadow fusion-flex-justify-content-flex-start fusion-content-layout-column\"><\/div><\/div><div class=\"fusion-layout-column fusion_builder_column fusion-builder-column-2 fusion_builder_column_1_2 1_2 fusion-flex-column fusion-animated\" style=\"--awb-bg-size:cover;--awb-width-large:50%;--awb-margin-top-large:0px;--awb-spacing-right-large:3.84%;--awb-margin-bottom-large:0px;--awb-spacing-left-large:3.84%;--awb-width-medium:100%;--awb-order-medium:0;--awb-spacing-right-medium:1.92%;--awb-spacing-left-medium:1.92%;--awb-width-small:100%;--awb-order-small:0;--awb-spacing-right-small:1.92%;--awb-spacing-left-small:1.92%;\" data-animationType=\"flash\" data-animationDuration=\"0.8\" data-animationDelay=\"0.2\" data-animationOffset=\"top-into-view\" data-scroll-devices=\"small-visibility,medium-visibility,large-visibility\"><div class=\"fusion-column-wrapper fusion-column-has-shadow fusion-flex-justify-content-flex-start fusion-content-layout-column\"><div class=\"fusion-text fusion-text-1\" style=\"--awb-content-alignment:justify;\"><p>Primer informe de gobierno de Chucandiro.<\/p>\n<p>Chuc\u00e1ndiro, Michoac\u00e1n, 15 de agosto de 2022.- Atraves de la Gestion del Presidente Iv\u00e1n Guadalupe L\u00f3pez Col\u00edn se ha logrado una inversi\u00f3n estatal de m\u00e1s 5.4 millones de pesos.<\/p>\n<p>Con la representaci\u00f3n del gobernador Alfredo Ram\u00edrez Bedolla, el secretario de Gobierno, Carlos Torres Pi\u00f1a acompa\u00f1ado del Presidente Municipal Iv\u00e1n Guadalupe L\u00f3pez Col\u00edn inauguraron la rehabilitaci\u00f3n del tramo carretero El Salitre-Chuc\u00e1ndiro.<\/p>\n<p>Los recursos aplicados para esta obra provienen de las aportaciones al municipio a trav\u00e9s del Fondo de Aportaciones Estatales para la Infraestructura de los Servicios P\u00fablicos Municipales (FAEISPUM).<\/p>\n<p>La inauguraci\u00f3n se dio en el marco del Primer Informe de Gobierno del presidente Iv\u00e1n Guadalupe L\u00f3pez Col\u00edn, mismo en el que Torres Pi\u00f1a reiter\u00f3 la vocaci\u00f3n municipalista del Gobierno del Estado.<\/p>\n<p>\u201cLe estamos apostando al trabajo coordinado con los ayuntamientos, estamos invirtiendo en la construcci\u00f3n, ampliaci\u00f3n y rehabilitaci\u00f3n de centros de salud, escuelas, infraestructura de agua potable, alumbrado p\u00fablico, drenaje, pavimentaci\u00f3n de calles, espacios recreativos y deportivos, siempre de la mano con las y los presidentes municipales\u201d, afirm\u00f3.<\/p>\n<p>El encargado de la pol\u00edtica interna, se\u00f1al\u00f3 que en Chuc\u00e1ndiro se han invertido m\u00e1s de 1.8 millones de pesos a trav\u00e9s Fondo para el Fortalecimiento de la Paz (FORTAPAZ), para capacitar a polic\u00edas, ejecutar acciones de prevenci\u00f3n y sumar la participaci\u00f3n ciudadana, en este rubro.<\/p>\n<p>Finalmente, expres\u00f3 que es tiempo de trabajar, de mirar hacia adelante, de trabajar juntos por un mejor Michoac\u00e1n; \u201cnos une el anhelo de una tierra en paz, con justicia, con igualdad, con seguridad, con oportunidades para todas y todos\u201d, concluy\u00f3.<\/p>\n<\/div><\/div><\/div><div class=\"fusion-layout-column fusion_builder_column fusion-builder-column-3 fusion_builder_column_1_2 1_2 fusion-flex-column fusion-animated\" style=\"--awb-bg-size:cover;--awb-width-large:50%;--awb-margin-top-large:0px;--awb-spacing-right-large:3.84%;--awb-margin-bottom-large:0px;--awb-spacing-left-large:3.84%;--awb-width-medium:100%;--awb-order-medium:0;--awb-spacing-right-medium:1.92%;--awb-spacing-left-medium:1.92%;--awb-width-small:100%;--awb-order-small:0;--awb-spacing-right-small:1.92%;--awb-spacing-left-small:1.92%;\" data-animationType=\"fadeInLeft\" data-animationDuration=\"1.0\" data-animationDelay=\"0.4\" data-animationOffset=\"top-into-view\" data-scroll-devices=\"small-visibility,medium-visibility,large-visibility\"><div class=\"fusion-column-wrapper fusion-column-has-shadow fusion-flex-justify-content-flex-start fusion-content-layout-column\"><div class=\"fusion-image-element \" style=\"text-align:center;--awb-caption-title-font-family:var(--h2_typography-font-family);--awb-caption-title-font-weight:var(--h2_typography-font-weight);--awb-caption-title-font-style:var(--h2_typography-font-style);--awb-caption-title-size:var(--h2_typography-font-size);--awb-caption-title-transform:var(--h2_typography-text-transform);--awb-caption-title-line-height:var(--h2_typography-line-height);--awb-caption-title-letter-spacing:var(--h2_typography-letter-spacing);\"><span class=\" fusion-imageframe imageframe-none imageframe-1 hover-type-none\"><img decoding=\"async\" width=\"1854\" height=\"2560\" title=\"WhatsApp Image 2025-09-24 at 13.18.51\" src=\"https:\/\/chucandiro.gob.mx\/wp-content\/uploads\/2025\/09\/WhatsApp-Image-2025-09-24-at-13.18.51-scaled.jpeg\" data-orig-src=\"https:\/\/chucandiro.gob.mx\/wp-content\/uploads\/2025\/09\/WhatsApp-Image-2025-09-24-at-13.18.51-scaled.jpeg\" alt class=\"lazyload img-responsive wp-image-1769\" srcset=\"data:image\/svg+xml,%3Csvg%20xmlns%3D%27http%3A%2F%2Fwww.w3.org%2F2000%2Fsvg%27%20width%3D%271854%27%20height%3D%272560%27%20viewBox%3D%270%200%201854%202560%27%3E%3Crect%20width%3D%271854%27%20height%3D%272560%27%20fill-opacity%3D%220%22%2F%3E%3C%2Fsvg%3E\" data-srcset=\"https:\/\/chucandiro.gob.mx\/wp-content\/uploads\/2025\/09\/WhatsApp-Image-2025-09-24-at-13.18.51-200x276.jpeg 200w, https:\/\/chucandiro.gob.mx\/wp-content\/uploads\/2025\/09\/WhatsApp-Image-2025-09-24-at-13.18.51-400x552.jpeg 400w, https:\/\/chucandiro.gob.mx\/wp-content\/uploads\/2025\/09\/WhatsApp-Image-2025-09-24-at-13.18.51-600x829.jpeg 600w, https:\/\/chucandiro.gob.mx\/wp-content\/uploads\/2025\/09\/WhatsApp-Image-2025-09-24-at-13.18.51-800x1105.jpeg 800w, https:\/\/chucandiro.gob.mx\/wp-content\/uploads\/2025\/09\/WhatsApp-Image-2025-09-24-at-13.18.51-1200x1657.jpeg 1200w, https:\/\/chucandiro.gob.mx\/wp-content\/uploads\/2025\/09\/WhatsApp-Image-2025-09-24-at-13.18.51-scaled.jpeg 1854w\" data-sizes=\"auto\" data-orig-sizes=\"(max-width: 1024px) 100vw, (max-width: 640px) 100vw, 600px\" \/><\/span><\/div><div class=\"fusion-image-element \" style=\"text-align:center;--awb-caption-title-font-family:var(--h2_typography-font-family);--awb-caption-title-font-weight:var(--h2_typography-font-weight);--awb-caption-title-font-style:var(--h2_typography-font-style);--awb-caption-title-size:var(--h2_typography-font-size);--awb-caption-title-transform:var(--h2_typography-text-transform);--awb-caption-title-line-height:var(--h2_typography-line-height);--awb-caption-title-letter-spacing:var(--h2_typography-letter-spacing);\"><span class=\" fusion-imageframe imageframe-none imageframe-2 hover-type-none\"><img decoding=\"async\" width=\"300\" height=\"300\" title=\"chucandiro-redondo\" src=\"https:\/\/chucandiro.gob.mx\/wp-content\/uploads\/2024\/09\/chucandiro-redondo.png\" data-orig-src=\"https:\/\/chucandiro.gob.mx\/wp-content\/uploads\/2024\/09\/chucandiro-redondo-300x300.png\" alt class=\"lazyload img-responsive wp-image-1614\" srcset=\"data:image\/svg+xml,%3Csvg%20xmlns%3D%27http%3A%2F%2Fwww.w3.org%2F2000%2Fsvg%27%20width%3D%271000%27%20height%3D%271000%27%20viewBox%3D%270%200%201000%201000%27%3E%3Crect%20width%3D%271000%27%20height%3D%271000%27%20fill-opacity%3D%220%22%2F%3E%3C%2Fsvg%3E\" data-srcset=\"https:\/\/chucandiro.gob.mx\/wp-content\/uploads\/2024\/09\/chucandiro-redondo-200x200.png 200w, https:\/\/chucandiro.gob.mx\/wp-content\/uploads\/2024\/09\/chucandiro-redondo-400x400.png 400w, https:\/\/chucandiro.gob.mx\/wp-content\/uploads\/2024\/09\/chucandiro-redondo-600x600.png 600w, https:\/\/chucandiro.gob.mx\/wp-content\/uploads\/2024\/09\/chucandiro-redondo-800x800.png 800w, https:\/\/chucandiro.gob.mx\/wp-content\/uploads\/2024\/09\/chucandiro-redondo.png 1000w\" data-sizes=\"auto\" data-orig-sizes=\"(max-width: 1024px) 100vw, (max-width: 640px) 100vw, 600px\" \/><\/span><\/div><\/div><\/div><\/div><\/div><div class=\"fusion-fullwidth fullwidth-box fusion-builder-row-3 fusion-flex-container has-pattern-background has-mask-background nonhundred-percent-fullwidth non-hundred-percent-height-scrolling\" style=\"--awb-border-radius-top-left:0px;--awb-border-radius-top-right:0px;--awb-border-radius-bottom-right:0px;--awb-border-radius-bottom-left:0px;--awb-flex-wrap:wrap;\" ><div class=\"fusion-builder-row fusion-row fusion-flex-align-items-flex-start fusion-flex-content-wrap\" style=\"max-width:1185.6px;margin-left: calc(-4% \/ 2 );margin-right: calc(-4% \/ 2 );\"><div class=\"fusion-layout-column fusion_builder_column fusion-builder-column-4 fusion_builder_column_1_1 1_1 fusion-flex-column\" style=\"--awb-bg-size:cover;--awb-width-large:100%;--awb-margin-top-large:0px;--awb-spacing-right-large:1.92%;--awb-margin-bottom-large:0px;--awb-spacing-left-large:1.92%;--awb-width-medium:100%;--awb-order-medium:0;--awb-spacing-right-medium:1.92%;--awb-spacing-left-medium:1.92%;--awb-width-small:100%;--awb-order-small:0;--awb-spacing-right-small:1.92%;--awb-spacing-left-small:1.92%;\"><div class=\"fusion-column-wrapper fusion-column-has-shadow fusion-flex-justify-content-flex-start fusion-content-layout-column\"><div class=\"fusion-separator fusion-full-width-sep\" style=\"align-self: center;margin-left: auto;margin-right: auto;margin-top:25px;margin-bottom:25px;width:100%;\"><\/div><\/div><\/div><\/div><\/div><\/p>\n","protected":false},"excerpt":{"rendered":"","protected":false},"author":1,"featured_media":0,"parent":0,"menu_order":0,"comment_status":"closed","ping_status":"closed","template":"","meta":{"footnotes":""},"class_list":["post-1204","page","type-page","status-publish","hentry"],"_links":{"self":[{"href":"https:\/\/chucandiro.gob.mx\/index.php\/wp-json\/wp\/v2\/pages\/1204","targetHints":{"allow":["GET"]}}],"collection":[{"href":"https:\/\/chucandiro.gob.mx\/index.php\/wp-json\/wp\/v2\/pages"}],"about":[{"href":"https:\/\/chucandiro.gob.mx\/index.php\/wp-json\/wp\/v2\/types\/page"}],"author":[{"embeddable":true,"href":"https:\/\/chucandiro.gob.mx\/index.php\/wp-json\/wp\/v2\/users\/1"}],"replies":[{"embeddable":true,"href":"https:\/\/chucandiro.gob.mx\/index.php\/wp-json\/wp\/v2\/comments?post=1204"}],"version-history":[{"count":23,"href":"https:\/\/chucandiro.gob.mx\/index.php\/wp-json\/wp\/v2\/pages\/1204\/revisions"}],"predecessor-version":[{"id":1813,"href":"https:\/\/chucandiro.gob.mx\/index.php\/wp-json\/wp\/v2\/pages\/1204\/revisions\/1813"}],"wp:attachment":[{"href":"https:\/\/chucandiro.gob.mx\/index.php\/wp-json\/wp\/v2\/media?parent=1204"}],"curies":[{"name":"wp","href":"https:\/\/api.w.org\/{rel}","templated":true}]}}